87 is divided by 1662?
1101
Calculate the remainder when 16757 is divided by 399.
398
Calculate the remainder when 2310 is divided by 40.
30
Calculate the remainder when 264216 is divided by 52.
4
Calculate the remainder when 307423 is divided by 153707.
9
Calculate the remainder when 2169781 is divided by 236.
233
What is the remainder when 6712 is divided by 249?
238
What is the remainder when 3880 is divided by 21?
16
What is the remainder when 6637 is divided by 76?
25
What is the remainder when 53428 is divided by 119?
116
Calculate the remainder when 335149 is divided by 1289.
9
Calculate the remainder when 7570 is divided by 262.
234
What is the remainder when 53984 is divided by 305?
304
What is the remainder when 3004193 is divided by 26?
23
What is the remainder when 659238 is divided by 504?
6
What is the remainder when 16324 is divided by 3257?
39
What is the remainder when 64271 is divided by 13?
12
What is the remainder when 3136 is divided by 73?
70
What is the remainder when 6775 is divided by 143?
54
What is the remainder when 9283 is divided by 9?
4
What is the remainder when 32290 is divided by 241?
237
Calculate the remainder when 9933 is divided by 517.
110
Calculate the remainder when 1662 is divided by 97.
13
What is the remainder when 6576 is divided by 602?
556
What is the remainder when 52627 is divided by 52626?
1
Calculate the remainder when 151503 is divided by 136.
135
Calculate the remainder when 4240 is divided by 24.
16
What is the remainder when 19185 is divided by 228?
33
Calculate the remainder when 103626 is divided by 234.
198
What is the remainder when 7557 is divided by 51?
9
Calculate the remainder when 83813 is divided by 1582.
1549
What is the remainder when 77867 is divided by 99?
53
What is the remainder when 3891 is divided by 200?
91
What is the remainder when 2631 is divided by 17?
13
Calculate the remainder when 338842 is divided by 130.
62
What is the remainder when 55914 is divided by 171?
168
What is the remainder when 25115 is divided by 5004?
95
Calculate the remainder when 67485 is divided by 31.
29
What is the remainder when 1376 is divided by 71?
27
Calculate the remainder when 9169647 is divided by 1252.
1251
Calculate the remainder when 436 is divided by 274.
162
Calculate the remainder when 1272 is divided by 169.
89
Calculate the remainder when 13221 is divided by 80.
21
Calculate the remainder when 4829 is divided by 82.
73
What is the remainder when 13347 is divided by 563?
398
What is the remainder when 1075 is divided by 99?
85
Calculate the remainder when 345300 is divided by 49.
46
Calculate the remainder when 2032 is divided by 663.
43
What is the remainder when 30730 is divided by 1059?
19
Calculate the remainder when 14968 is divided by 783.
91
Calculate the remainder when 46443 is divided by 2570.
183
What is the remainder when 241414 is divided by 265?
264
What is the remainder when 21856 is divided by 111?
100
Calculate the remainder when 6589 is divided by 92.
57
What is the remainder when 8555 is divided by 571?
561
Calculate the remainder when 39672 is divided by 39656.
16
Calculate the remainder when 1747 is divided by 145.
7
Calculate the remainder when 173 is divided by 21.
5
Calculate the remainder when 15549 is divided by 5129.
162
What is the remainder when 549251 is divided by 418?
417
What is the remainder when 9204 is divided by 6?
0
Calculate the remainder when 4786 is divided by 453.
256
What is the remainder when 29372 is divided by 27?
23
Calculate the remainder when 29062 is divided by 1002.
4
What is the remainder when 26447 is divided by 76?
75
Calculate the remainder when 1708 is divided by 113.
13
What is the remainder when 3694 is divided by 14?
12
What is the remainder when 587413 is divided by 115?
108
What is the remainder when 1118 is divided by 195?
143
Calculate the remainder when 1005 is divided by 52.
17
Calculate the remainder when 694911 is divided by 173725.
11
Calculate the remainder when 39159 is divided by 940.
619
Calculate the remainder when 13704 is divided by 4436.
396
Calculate the remainder when 328799 is divided by 100.
99
Calculate the remainder when 60417 is divided by 2747.
2730
Calculate the remainder when 240 is divided by 19.
12
Calculate the remainder when 1544 is divided by 9.
5
Calculate the remainder when 1620196 is divided by 50.
46
Calculate the remainder when 29472 is divided by 14716.
40
Calculate the remainder when 1031249 is divided by 207.
182
Calculate the remainder when 488948 is divided by 349.
348
What is the remainder when 6952 is divided by 90?
22
Calculate the remainder when 11583 is divided by 64.
63
Calculate the remainder when 994 is divided by 128.
98
Calculate the remainder when 22376 is divided by 1600.
1576
Calculate the remainder when 9197097 is divided by 86.
85
Calculate the remainder when 375339 is divided by 4522.
13
Calculate the remainder when 14134 is divided by 4.
2
Calculate the remainder when 245503 is divided by 134.
15
Calculate the remainder when 9935 is divided by 843.
662
What is the remainder when 11570 is divided by 2311?
15
Calculate the remainder when 182449 is divided by 61.
59
Calculate the remainder when 13937 is divided by 85.
82
Calculate the remainder when 10696 is divided by 1188.
4
What is the remainder when 3201 is divided by 95?
66
Calculate the remainder when 22026 is divided by 59.
19
Calculate the remainder when 7209605 is divided by 868.
865
What is the remainder when 4469 is divided by 11?
3
What is the remainder when 6209 is divided by 415?
399
Calculate the remainder when 170657 is divided by 21.
11
Calculate the remainder when 84638 is divided by 216.
182
What is the remainder when 1519621 is divided by 4?
1
Calculate the remainder when 12385 is divided by 588.
37
Calculate the remainder when 5849 is divided by 38.
35
What is the remainder when 7003 is divided by 70?
3
Calculate the remainder when 4406 is divided by 90.
86
What is the remainder when 13166 is divided by 424?
22
Calculate the remainder when 1391 is divided by 298.
199
Calculate the remainder when 209871 is divided by 115.
111
What is the remainder when 2391 is divided by 720?
231
Calculate the remainder when 604802 is divided by 302393.
16
What is the remainder when 1915669 is divided by 237?
235
What is the remainder when 3324 is divided by 681?
600
Calculate the remainder when 142216 is divided by 17747.
240
Calculate the remainder when 1781818 is divided by 30.
28
What is the remainder when 59601 is divided by 537?
531
Calculate the remainder when 43997 is divided by 220.
217
Calculate the remainder when 32580 is divided by 77.
9
Calculate the remainder when 1583 is divided by 50.
33
Calculate the remainder when 1885 is divided by 30.
25
Calculate the remainder when 1217995 is divided by 203.
198
Calculate the remainder when 41038 is divided by 432.
430
Calculate the remainder when 35239 is divided by 928.
903
What is the remainder when 3649 is divided by 303?
13
What is the remainder when 17628 is divided by 304?
300
Calculate the remainder when 94603 is divided by 124.
115
What is the remainder when 9591 is divided by 635?
66
Calculate the remainder when 1122 is divided by 191.
167
What is the remainder when 610180 is divided by 78?
64
What is the remainder when 11579 is divided by 88?
51
What is the remainder when 16747 is divided by 133?
122
What is the remainder when 65783 is divided by 86?
79
What is the remainder when 474758 is divided by 79126?
2
Calculate the remainder when 1202736 is divided by 38.
36
Calculate the remainder when 17721 is divided by 32.
25
Calculate the remainder when 13026 is divided by 12380.
646
Calculate the remainder when 13466 is divided by 345.
11
What is the remainder when 2389 is divided by 230?
89
Calculate the remainder when 12384 is divided by 1034.
1010
What is the remainder when 1164 is divided by 1127?
37
What is the remainder when 8833 is divided by 29?
17
What is the remainder when 27766 is divided by 89?
87
Calculate the remainder when 105976 is divided by 15132.
52
What is the remainder when 421133 is divided by 155?
153
What is the remainder when 4566834 is divided by 65?
64
Calculate the remainder when 467933 is divided by 467.
466
Calculate 